{"id":113,"date":"2024-07-28T11:05:37","date_gmt":"2024-07-28T11:05:37","guid":{"rendered":"http:\/\/adiz-ev.de\/?page_id=113"},"modified":"2025-02-19T12:34:48","modified_gmt":"2025-02-19T12:34:48","slug":"sensibilisierungsarbeit","status":"publish","type":"page","link":"https:\/\/adiz-ev.de\/?page_id=113","title":{"rendered":"Sensibilisierungsarbeit"},"content":{"rendered":"\n<div class=\"wp-block-columns is-layout-flex wp-container-core-columns-is-layout-1 wp-block-columns-is-layout-flex\">\n<div class=\"wp-block-column is-layout-flow wp-block-column-is-layout-flow\">\n<figure class=\"wp-block-image size-full\"><img fetchpriority=\"high\" decoding=\"async\" width=\"1920\" height=\"1283\" src=\"http:\/\/adiz-ev.de\/wp-content\/uploads\/2024\/09\/Sensibilisierungsarbeit.jpg\" alt=\"\" class=\"wp-image-283\" srcset=\"https:\/\/adiz-ev.de\/wp-content\/uploads\/2024\/09\/Sensibilisierungsarbeit.jpg 1920w, https:\/\/adiz-ev.de\/wp-content\/uploads\/2024\/09\/Sensibilisierungsarbeit-300x200.jpg 300w, https:\/\/adiz-ev.de\/wp-content\/uploads\/2024\/09\/Sensibilisierungsarbeit-1024x684.jpg 1024w, https:\/\/adiz-ev.de\/wp-content\/uploads\/2024\/09\/Sensibilisierungsarbeit-768x513.jpg 768w, https:\/\/adiz-ev.de\/wp-content\/uploads\/2024\/09\/Sensibilisierungsarbeit-1536x1026.jpg 1536w\" sizes=\"(max-width: 1920px) 100vw, 1920px\" \/><\/figure>\n<\/div>\n\n\n\n<div class=\"wp-block-column is-layout-flow wp-block-column-is-layout-flow\">\n<p>Durch gezielte Ma\u00dfnahmen und Sensibilisierungsarbeit k\u00f6nnen wir aktiv Diskriminierung vorbeugen und ein Bewusstsein f\u00fcr die Bedeutung von Gleichbehandlung und Vielfalt schaffen.<br><br>Unser Angebot richtet sich an alle interessierten Gruppen, insbesondere an Bildungseinrichtungen, Organisationen, Fachstellen im sozialen Bereich, Unternehmen und Beh\u00f6rden.<\/p>\n<\/div>\n<\/div>\n\n\n\n<p><br>Wir bieten verschiedene Formate zum Themenkomplex Antidiskriminierung an. <\/p>\n\n\n\n<p>Dazu z\u00e4hlen beispielsweise Workshops, Schulungen und Vortr\u00e4ge. <\/p>\n\n\n\n<p> <\/p>\n\n\n\n<p>Wir orientieren uns an Ihren Bed\u00fcrfnissen und entwickeln bei <\/p>\n\n\n\n<p>Bedarf ma\u00dfgeschneiderte Angebote.<br><br>Fragen Sie uns gerne an.<\/p>\n\n\n\n<div class=\"wp-block-buttons is-layout-flex wp-block-buttons-is-layout-flex\">\n<div class=\"wp-block-button is-style-fill\"><a class=\"wp-block-button__link wp-element-button\" href=\"https:\/\/adiz-ev.de\/?page_id=131\">Kontakt<\/a><\/div>\n<\/div>\n\n\n\n<div style=\"height:100px\" aria-hidden=\"true\" class=\"wp-block-spacer\"><\/div>\n\n\n\n<div style=\"height:100px\" aria-hidden=\"true\" class=\"wp-block-spacer\"><\/div>\n","protected":false},"excerpt":{"rendered":"<p>Durch gezielte Ma\u00dfnahmen und Sensibilisierungsarbeit k\u00f6nnen wir aktiv Diskriminierung vorbeugen und ein Bewusstsein f\u00fcr die Bedeutung von Gleichbehandlung und Vielfalt schaffen. Unser Angebot richtet sich an alle interessierten Gruppen, insbesondere an Bildungseinrichtungen, Organisationen, Fachstellen im sozialen Bereich, Unternehmen und Beh\u00f6rden. Wir bieten verschiedene Formate zum Themenkomplex Antidiskriminierung an. Dazu z\u00e4hlen beispielsweise Workshops, Schulungen und Vortr\u00e4ge. [&hellip;]<\/p>\n","protected":false},"author":1,"featured_media":0,"parent":0,"menu_order":0,"comment_status":"closed","ping_status":"closed","template":"","meta":{"footnotes":""},"class_list":["post-113","page","type-page","status-publish","hentry"],"_links":{"self":[{"href":"https:\/\/adiz-ev.de\/index.php?rest_route=\/wp\/v2\/pages\/113","targetHints":{"allow":["GET"]}}],"collection":[{"href":"https:\/\/adiz-ev.de\/index.php?rest_route=\/wp\/v2\/pages"}],"about":[{"href":"https:\/\/adiz-ev.de\/index.php?rest_route=\/wp\/v2\/types\/page"}],"author":[{"embeddable":true,"href":"https:\/\/adiz-ev.de\/index.php?rest_route=\/wp\/v2\/users\/1"}],"replies":[{"embeddable":true,"href":"https:\/\/adiz-ev.de\/index.php?rest_route=%2Fwp%2Fv2%2Fcomments&post=113"}],"version-history":[{"count":12,"href":"https:\/\/adiz-ev.de\/index.php?rest_route=\/wp\/v2\/pages\/113\/revisions"}],"predecessor-version":[{"id":452,"href":"https:\/\/adiz-ev.de\/index.php?rest_route=\/wp\/v2\/pages\/113\/revisions\/452"}],"wp:attachment":[{"href":"https:\/\/adiz-ev.de\/index.php?rest_route=%2Fwp%2Fv2%2Fmedia&parent=113"}],"curies":[{"name":"wp","href":"https:\/\/api.w.org\/{rel}","templated":true}]}}

<div class="wp-block-columns is-layout-flex wp-container-core-columns-is-layout-1 wp-block-columns-is-layout-flex">
<div class="wp-block-column is-layout-flow wp-block-column-is-layout-flow">
<figure class="wp-block-image size-full"><img fetchpriority="high" decoding="async" width="1920" height="1283" src="http://adiz-ev.de/wp-content/uploads/2024/09/Sensibilisierungsarbeit.jpg" alt="" class="wp-image-283" srcset="https://adiz-ev.de/wp-content/uploads/2024/09/Sensibilisierungsarbeit.jpg 1920w, https://adiz-ev.de/wp-content/uploads/2024/09/Sensibilisierungsarbeit-300x200.jpg 300w, https://adiz-ev.de/wp-content/uploads/2024/09/Sensibilisierungsarbeit-1024x684.jpg 1024w, https://adiz-ev.de/wp-content/uploads/2024/09/Sensibilisierungsarbeit-768x513.jpg 768w, https://adiz-ev.de/wp-content/uploads/2024/09/Sensibilisierungsarbeit-1536x1026.jpg 1536w" sizes="(max-width: 1920px) 100vw, 1920px" /></figure>
</div>



<div class="wp-block-column is-layout-flow wp-block-column-is-layout-flow">
<p>Durch gezielte Maßnahmen und Sensibilisierungsarbeit können wir aktiv Diskriminierung vorbeugen und ein Bewusstsein für die Bedeutung von Gleichbehandlung und Vielfalt schaffen.<br><br>Unser Angebot richtet sich an alle interessierten Gruppen, insbesondere an Bildungseinrichtungen, Organisationen, Fachstellen im sozialen Bereich, Unternehmen und Behörden.</p>
</div>
</div>



<p><br>Wir bieten verschiedene Formate zum Themenkomplex Antidiskriminierung an. </p>



<p>Dazu zählen beispielsweise Workshops, Schulungen und Vorträge. </p>



<p> </p>



<p>Wir orientieren uns an Ihren Bedürfnissen und entwickeln bei </p>



<p>Bedarf maßgeschneiderte Angebote.<br><br>Fragen Sie uns gerne an.</p>



<div class="wp-block-buttons is-layout-flex wp-block-buttons-is-layout-flex">
<div class="wp-block-button is-style-fill"><a class="wp-block-button__link wp-element-button" href="https://adiz-ev.de/?page_id=131">Kontakt</a></div>
</div>



<div style="height:100px" aria-hidden="true" class="wp-block-spacer"></div>



<div style="height:100px" aria-hidden="true" class="wp-block-spacer"></div>

<p>Durch gezielte Maßnahmen und Sensibilisierungsarbeit können wir aktiv Diskriminierung vorbeugen und ein Bewusstsein für die Bedeutung von Gleichbehandlung und Vielfalt schaffen. Unser Angebot richtet sich an alle interessierten Gruppen, insbesondere an Bildungseinrichtungen, Organisationen, Fachstellen im sozialen Bereich, Unternehmen und Behörden. Wir bieten verschiedene Formate zum Themenkomplex Antidiskriminierung an. Dazu zählen beispielsweise Workshops, Schulungen und Vorträge. [&hellip;]</p>
