{"id":260,"date":"2024-09-12T09:53:39","date_gmt":"2024-09-12T09:53:39","guid":{"rendered":"http:\/\/adiz-ev.de\/?page_id=260"},"modified":"2025-02-03T11:10:20","modified_gmt":"2025-02-03T11:10:20","slug":"impressum","status":"publish","type":"page","link":"https:\/\/adiz-ev.de\/?page_id=260","title":{"rendered":"Impressum"},"content":{"rendered":"\n<p><strong>Angaben gem\u00e4\u00df \u00a7 5 TMG<\/strong><\/p>\n\n\n\n<p><\/p>\n\n\n\n<p><strong>Tr\u00e4gerschaft<\/strong><\/p>\n\n\n\n<p>AdiZ e.V. &#8211; Verein f\u00fcr Antidiskriminierungsarbeit im Zollernalbkreis<br>Richard-Strauss-Stra\u00dfe 5<br><br>Vereinsvorstand:<br>Anna D\u00f6renkamp<br>Annelie Sanyang<br>Selina Nna<\/p>\n\n\n\n<p><br><strong>Registereintrag:<\/strong><br>Eintragung im Vereinsregister.<br>Registergericht: Amtgericht Stuttgart<br>Registernummer: 726881<br><\/p>\n\n\n\n<p><strong>Verantwortlich f\u00fcr den Inhalt nach \u00a7 55 Abs. 2 RStV:<\/strong><br>Selina Nna<br>Richard-Strauss-Stra\u00dfe 5<br>72336 Balingen<\/p>\n\n\n\n<p><strong>Kontakt:<\/strong><br>Telefon: 0160-2337626<br>E-Mail: info@adiz-ev.de<br>Website: www.adiz-ev.de<\/p>\n\n\n\n<p><strong>Haftungsausschluss:<\/strong><br>Die Inhalte unserer Seiten wurden mit gr\u00f6\u00dfter Sorgfalt erstellt. F\u00fcr die Richtigkeit, Vollst\u00e4ndigkeit und Aktualit\u00e4t der Inhalte k\u00f6nnen wir jedoch keine Gew\u00e4hr \u00fcbernehmen. Als Dienstanbieter sind wir gem\u00e4\u00df \u00a7 7 Abs.1 TMG f\u00fcr eigene Inhalte auf diesen Seiten nach den allgemeinen Gesetzen verantwortlich. Nach \u00a7\u00a7 8 bis 10 TMG sind wir als Dienstanbieter jedoch nicht verpflichtet, \u00fcbermittelte oder gespeicherte fremde Informationen zu \u00fcberwachen oder nach Umst\u00e4nden zu forschen, die auf eine rechtswidrige T\u00e4tigkeit hinweisen.<\/p>\n\n\n\n<p><strong>Haftung f\u00fcr Links:<\/strong><br>Unser Angebot enth\u00e4lt Links zu externen Webseiten Dritter, auf deren Inhalte wir keinen Einfluss haben. Deshalb k\u00f6nnen wir f\u00fcr diese fremden Inhalte auch keine Gew\u00e4hr \u00fcbernehmen. F\u00fcr die Inhalte der verlinkten Seiten ist stets der jeweilige Anbieter oder Betreiber der Seiten verantwortlich.<\/p>\n\n\n\n<p><strong>Urheberrecht:<\/strong><br>Die durch die Seitenbetreiber erstellten Inhalte und Werke auf diesen Seiten unterliegen dem deutschen Urheberrecht. Die Vervielf\u00e4ltigung, Bearbeitung, Verbreitung und jede Art der Verwertung au\u00dferhalb der Grenzen des Urheberrechtes bed\u00fcrfen der schriftlichen Zustimmung des jeweiligen Autors bzw. Erstellers. Downloads und Kopien dieser Seite sind nur f\u00fcr den privaten, nicht kommerziellen Gebrauch gestattet.<\/p>\n\n\n\n<div style=\"height:100px\" aria-hidden=\"true\" class=\"wp-block-spacer\"><\/div>\n\n\n\n<p>Bildrechte<\/p>\n\n\n\n<p>Mit freundlicher Genehmigung von <a href=\"https:\/\/www.instagram.com\/amiesxart\/\">Amie Savage, @Amiesxart.<\/a><\/p>\n\n\n\n<p>Pictogramme: <a href=\"https:\/\/www.flaticon.com\/free-icons\/stickman\">Stickman icons created by Stockio &#8211; Flaticon<\/a><\/p>\n","protected":false},"excerpt":{"rendered":"<p>Angaben gem\u00e4\u00df \u00a7 5 TMG Tr\u00e4gerschaft AdiZ e.V. &#8211; Verein f\u00fcr Antidiskriminierungsarbeit im ZollernalbkreisRichard-Strauss-Stra\u00dfe 5 Vereinsvorstand:Anna D\u00f6renkampAnnelie SanyangSelina Nna Registereintrag:Eintragung im Vereinsregister.Registergericht: Amtgericht StuttgartRegisternummer: 726881 Verantwortlich f\u00fcr den Inhalt nach \u00a7 55 Abs. 2 RStV:Selina NnaRichard-Strauss-Stra\u00dfe 572336 Balingen Kontakt:Telefon: 0160-2337626E-Mail: info@adiz-ev.deWebsite: www.adiz-ev.de Haftungsausschluss:Die Inhalte unserer Seiten wurden mit gr\u00f6\u00dfter Sorgfalt erstellt. F\u00fcr die Richtigkeit, Vollst\u00e4ndigkeit [&hellip;]<\/p>\n","protected":false},"author":1,"featured_media":0,"parent":0,"menu_order":0,"comment_status":"closed","ping_status":"closed","template":"","meta":{"footnotes":""},"class_list":["post-260","page","type-page","status-publish","hentry"],"_links":{"self":[{"href":"https:\/\/adiz-ev.de\/index.php?rest_route=\/wp\/v2\/pages\/260","targetHints":{"allow":["GET"]}}],"collection":[{"href":"https:\/\/adiz-ev.de\/index.php?rest_route=\/wp\/v2\/pages"}],"about":[{"href":"https:\/\/adiz-ev.de\/index.php?rest_route=\/wp\/v2\/types\/page"}],"author":[{"embeddable":true,"href":"https:\/\/adiz-ev.de\/index.php?rest_route=\/wp\/v2\/users\/1"}],"replies":[{"embeddable":true,"href":"https:\/\/adiz-ev.de\/index.php?rest_route=%2Fwp%2Fv2%2Fcomments&post=260"}],"version-history":[{"count":10,"href":"https:\/\/adiz-ev.de\/index.php?rest_route=\/wp\/v2\/pages\/260\/revisions"}],"predecessor-version":[{"id":390,"href":"https:\/\/adiz-ev.de\/index.php?rest_route=\/wp\/v2\/pages\/260\/revisions\/390"}],"wp:attachment":[{"href":"https:\/\/adiz-ev.de\/index.php?rest_route=%2Fwp%2Fv2%2Fmedia&parent=260"}],"curies":[{"name":"wp","href":"https:\/\/api.w.org\/{rel}","templated":true}]}}

<p><strong>Angaben gemäß § 5 TMG</strong></p>



<p></p>



<p><strong>Trägerschaft</strong></p>



<p>AdiZ e.V. &#8211; Verein für Antidiskriminierungsarbeit im Zollernalbkreis<br>Richard-Strauss-Straße 5<br><br>Vereinsvorstand:<br>Anna Dörenkamp<br>Annelie Sanyang<br>Selina Nna</p>



<p><br><strong>Registereintrag:</strong><br>Eintragung im Vereinsregister.<br>Registergericht: Amtgericht Stuttgart<br>Registernummer: 726881<br></p>



<p><strong>Verantwortlich für den Inhalt nach § 55 Abs. 2 RStV:</strong><br>Selina Nna<br>Richard-Strauss-Straße 5<br>72336 Balingen</p>



<p><strong>Kontakt:</strong><br>Telefon: 0160-2337626<br>E-Mail: info@adiz-ev.de<br>Website: www.adiz-ev.de</p>



<p><strong>Haftungsausschluss:</strong><br>Die Inhalte unserer Seiten wurden mit größter Sorgfalt erstellt. Für die Richtigkeit, Vollständigkeit und Aktualität der Inhalte können wir jedoch keine Gewähr übernehmen. Als Dienstanbieter sind wir gemäß § 7 Abs.1 TMG für eigene Inhalte auf diesen Seiten nach den allgemeinen Gesetzen verantwortlich. Nach §§ 8 bis 10 TMG sind wir als Dienstanbieter jedoch nicht verpflichtet, übermittelte oder gespeicherte fremde Informationen zu überwachen oder nach Umständen zu forschen, die auf eine rechtswidrige Tätigkeit hinweisen.</p>



<p><strong>Haftung für Links:</strong><br>Unser Angebot enthält Links zu externen Webseiten Dritter, auf deren Inhalte wir keinen Einfluss haben. Deshalb können wir für diese fremden Inhalte auch keine Gewähr übernehmen. Für die Inhalte der verlinkten Seiten ist stets der jeweilige Anbieter oder Betreiber der Seiten verantwortlich.</p>



<p><strong>Urheberrecht:</strong><br>Die durch die Seitenbetreiber erstellten Inhalte und Werke auf diesen Seiten unterliegen dem deutschen Urheberrecht. Die Vervielfältigung, Bearbeitung, Verbreitung und jede Art der Verwertung außerhalb der Grenzen des Urheberrechtes bedürfen der schriftlichen Zustimmung des jeweiligen Autors bzw. Erstellers. Downloads und Kopien dieser Seite sind nur für den privaten, nicht kommerziellen Gebrauch gestattet.</p>



<div style="height:100px" aria-hidden="true" class="wp-block-spacer"></div>



<p>Bildrechte</p>



<p>Mit freundlicher Genehmigung von <a href="https://www.instagram.com/amiesxart/">Amie Savage, @Amiesxart.</a></p>



<p>Pictogramme: <a href="https://www.flaticon.com/free-icons/stickman">Stickman icons created by Stockio &#8211; Flaticon</a></p>

<p>Angaben gemäß § 5 TMG Trägerschaft AdiZ e.V. &#8211; Verein für Antidiskriminierungsarbeit im ZollernalbkreisRichard-Strauss-Straße 5 Vereinsvorstand:Anna DörenkampAnnelie SanyangSelina Nna Registereintrag:Eintragung im Vereinsregister.Registergericht: Amtgericht StuttgartRegisternummer: 726881 Verantwortlich für den Inhalt nach § 55 Abs. 2 RStV:Selina NnaRichard-Strauss-Straße 572336 Balingen Kontakt:Telefon: 0160-2337626E-Mail: info@adiz-ev.deWebsite: www.adiz-ev.de Haftungsausschluss:Die Inhalte unserer Seiten wurden mit größter Sorgfalt erstellt. Für die Richtigkeit, Vollständigkeit [&hellip;]</p>
